alculate (584 + -561 - (27 - 1)) + (31 - 2).
26
Calculate 43 + ((-4 - 45) + 17 - -12).
23
What is (-10 - -1) + (-107 - -119) - 7?
-4
What is 10 + (-9 - -5) + (9 - 1)?
14
Calculate -3 + -1 + (7 - -13) + -7.
9
What is 8 - (5 - (10 + (-13 - -6)))?
6
2 - (115 - 119 - (1 + 2))
9
6 - (-15 + 10 - -5 - -7)
-1
Calculate (11 - (-4 + 0)) + (-2 - -3).
16
Evaluate -1 - ((-8 - -3) + 21 + -21).
4
What is 29 + -1 - (-88 + 98)?
18
What is 2 + 0 + (-6 - (-17 - -28))?
-15
What is the value of 0 + (0 - 7) - (9 + -5 + -1)?
-10
Evaluate 5 - (3 - (-8 - 20)).
-26
What is the value of 6 + 1 + -9 + 9 + -7 + -23?
-23
Evaluate -20 + -1 - (-3 - (28 + -16)).
-6
-9 + 1 - ((-10 - 8) + 4)
6
-10 + (0 - 9) + 31 - 11
1
-2 + 0 + -27 + 18 + -3 + 4
-10
3 + (-14 - -5) + -6 + -5
-17
-3 + (11 + -4 + -11 - 4) - 1
-12
13 + -36 + 19 + 0 + (1 - -1)
-2
What is the value of (13 - (10 + 5 - 10)) + (7 - 0)?
15
Calculate 114 - 79 - (0 + -2 - -9) - 0.
28
16 + 21 + -19 - 10
8
What is the value of -13 - (1 + 0 - 4)?
-10
(-11 - (-6 - 13)) + -11 + -3
-6
Evaluate -72 - (-29 + -41) - (-8 + 1 + 0).
5
Calculate (-11 - -13) + -7 + -4.
-9
What is -87 + 46 - -41 - (4 - -1)?
-5
(2 - 2) + (-3 - (-11 - (7 - 15)))
0
Evaluate (38 - 68) + 36 + -3 + (20 - -1).
24
What is the value of 1 + (1 + 5 + -8 - -8 - 0)?
7
What is 1 + -2 + (10 - 13) + 2?
-2
What is the value of (5 - 26) + 4 - ((1 - 8) + 3)?
-13
Evaluate 0 + 4 - (1 + 8 + -9) - -21.
25
What is the value of -2 - -8 - (134 + -137) - 40?
-31
-13 - (-9 + (-8 - -9)) - -2
-3
Calculate -1 - 2 - (-24 - -26) - (19 + -12).
-12
What is -30 - -2 - (102 + -145)?
15
-28 + 64 - 42 - -37
31
What is -3 + 7 - (2 + -10 + 19)?
-7
Evaluate (-16 - 4) + 5 + 32 + -31.
-14
-2 + (6 - (7 + -2)) - -11
10
Calculate 7 + (10 - (36 - 10)) - -8.
-1
Evaluate 1 + 4 + -2 - (22 + -17).
-2
2 - -5 - 0 - (-16 + 9 + 7)
7
What is the value of -14 - -40 - -14 - 25?
15
What is 3 + (-12 - (-12 - 7))?
10
Evaluate 14 + (-10 + -4 - -6) - 9.
-3
What is 2 + 6 + 16 + -24?
0
Evaluate 7 + (6 - (-7 + 9 - -4 - -7)).
0
What is -12 + (6 + -3 + -1 - (-35 + 33))?
-8
What is the value of -3 - -21 - 2 - (19 + (10 - 18))?
5
What is (-10 - ((-8 - -11) + -2)) + 22?
11
17 - -1 - (-14 + 23)
9
Calculate 3 - -12 - (-49 + 74).
-10
Calculate 3 + ((-2 - -7) + 4 - 16).
-4
Evaluate (3 - 4) + -24 + 18 + -12.
-19
What is -3 + (-5 - -6 - -1) + 2?
1
What is (26 - (0 + 5)) + 48 + -53?
16
-12 - ((-77 - -18) + 25)
22
Calculate -8 + (102 - 97) + (-2 - -1) - 1.
-5
(16 - (-4 - -9)) + 5
16
What is -7 + -3 - (176 - 182)?
-4
What is 230 + -231 - (1 - 10 - -1)?
7
(-1 + 6 - -7) + (6 - 36)
-18
17 + -28 + -1 + 24
12
Calculate (2 - 13) + 16 - 2.
3
Calculate -3 - ((-44 - 18) + 42).
17
What is the value of 18 + -6 + -18 + -1?
-7
Evaluate -2 + 2 - (36 - 37).
1
Calculate 1 + 21 - (106 - 88).
4
Calculate (-47 - -23) + 50 + 6.
32
What is the value of (4 - ((-6 - -1) + -15 + 47)) + 8?
-15
What is the value of -2 + 7 + (-2 + 9 - 8 - 12)?
-8
Evaluate 62 - (24 + (18 - 3)).
23
Evaluate -6 - (10 + -2 - 22).
8
Calculate 2 + (-13 + 5 - (2 + -17)).
9
Evaluate 15 + 30 + -34 + 22.
33
-3 + (10 - -16) - 15
8
Calculate -9 + (11 + -4 - (-4 + 2)).
0
Calculate -15 - (27 + (-8 - 22)).
-12
What is (274 - 278) + 7 + 2?
5
Evaluate (-202 - -208) + (-1 - -1 - 3 - 12).
-9
-7 - (-4 + (-8 - -7) + 1 + -12)
9
Calculate -10 - (12 + -2 + -3 - 19) - 6.
-4
Evaluate 2 + 30 + (-36 - -26).
22
Evaluate 17 + (-22 - (9 - 16)).
2
Calculate 3 + (-60 - -62) + (1 + -3 - 31).
-28
Evaluate 15 + (0 + 1 + -4 + 2 - 10).
4
What is the value of (9 - 3 - (0 - -5)) + -9 + 13?
5
Evaluate 18 + (-26 - (-25 + 39)).
-22
-4 - -9 - (4 + 11 + -1) - 5
-14
(-18 - 13 - -22) + 3 + 3
-3
What is the value of (-1 - (13 + -10)) + 13?
9
What is 1 + -16 + (39 - 26) + -7?
-9
What is the value of -4 + (1 - -1) + 21?
19
Calculate 41 - (-46 + 72 - 4).
19
Calculate -3 - 7 - (-12 + 4 - 2).
0
What is the value of 0 + 8 + -9 + -5 + -7 + 11?
-2
Calculate 0 + 39 + (-57 - -24).
6
(-15 + 5 - -5) + 10 - (6 - 2)
1
Evaluate (-26 - -11 - 2) + 7.
-10
Calculate 109 - (97 - -1) - (0 + 0 + 2).
9
Evaluate 7 + (1 - -13 - (6 - (13 + -12))).
16
Calculate -28 + (3 - -8) - -8.
-9
-2 - (-28 + 18 + (9 - 2))
1
Calculate 34 + (-98 + 13 - -18).
-33
-9 + 0 - -8 - (-2 - -6)
-5
Evaluate 20 + -2 + -6 - 29.
-17
(-16 - (8 + -22)) + 6 + 7
11
What is -6 - ((-5 - (5 - 6 - -1)) + 7)?
-8
What is the value of -11 + -2 + (-5 - (0 + -1))?
-17
What is -1 + 7 + -4 - (19 - 13)?
-4
-7 + 16 + 14 + -26
-3
Calculate -23 + -12 + 19 + (-9 - 2) + 5.
-22
What is the value of (5 - (-29 + 32)) + 19?
21
What is the value of 18 + -9 - (5 + -9 + (0 - 20))?
33
-2 + -1 + 5 - (1 - (6 - 17))
-10
Evaluate -1189 + 1205 + (2 - 0) + -11.
7
Calculate 2 - 0 - (0 + 2) - (2957 - 2936).
-21
(3 - (-31 - -19)) + (-7 - 1)
7
What is the value of (-36 - -48) + (-8 - -1) + 6 + 24?
35
Evaluate 24 + (10 + (1 - 8) - 2) + 8.
33
Evaluate 18 - 17 - (-2 - (-9 - -3)).
-3
What is the value of 3 + -4 + 5 - (-4 + 18)?
-10
What is -35 - (-10 - -5) - (61 + -56)?
-35
Calculate 2 + (1 + -15 - (-9 - -23)).
-26
What is 14 + (5 - (2 + 0) - -10)?
27
Evaluate -74 + 79 + (1 - 11) + -5 + 16.
6
What is (18 - 17) + (-1 - 6) - (0 - 2)?
-4
What is (14 + 7 - 13 - 3) + 10?
15
What is 134 + -144 + (3 - 7 - 2)?
-16
6 + -10 + 1 + (0 - -3)
0
What is the value of 122 + -116 + -8 + -2?
-4
Calculate 0 - -9 - (11 - 1) - -8.
7
Calculate (-41 - -50 - -2) + (0 - -1).
12
Evaluate 10 + -12 - (-32 + 24 - (-1 - -4)).
9
Calculate (-48 - -41) + 35 + -2.
26
Calculate 1 + -13 + 18 - -2.
8
Calculate (339 - 347) + (19 - 1).
10
-1 - (0 + -5) - -9
13
Evaluate -17 + 17 - -21 - 22.
-1
Evaluate (35 - 28) + 3 + 0 + -15.
-5
Calculate 11 - (-11 + (3 - -35) - 4).
-12
What is 1 - (-5 + (21 - (17 + -11) - -4))?
-13
What is the value of (4 - 2 - -4) + -3 + -20 + 32?
15
Calculate -5 - 1 - (3 - (6 + (-9 - -8))).
-4
(1 + -1 - (-53 - -59)) + -11 + 9
-8
Evaluate 26 + (28 + -2 - 17).
35
Evaluate (41 - 39) + -17 + 6.
-9
Evaluate -109 - -97 - (-25 - -2).
11
1 + -3 - (8 - (1 + (9 - 0)))
0
Calculate -2 - 6 - ((7 - 5) + -14).
4
Evaluate 1378 + -1381 - (-1 - (12 - 0)).
10
Calculate (16 - 28) + (-9 - -20).
-1
15 + (-7 - 11) + 10 + -2 + -1
4
1 - (0 + 9) - (3 + 75 + -109)
23
Evaluate 1 + -6 + (-2 - -11 - 1).
3
What is the value of (4 - 1) + (-5 - -1) - 16?
-17
-6 + -1 + 893 + -901
-15
Evaluate 93 - 100 - ((-1 - -4) + 10 + -5).
-15
Evaluate (-20 - (-14 + 0)) + 10.
4
What is -1 + 13 + (-20 - 2 - (-169 + 154))?
5
-46 - -15 - (8 + (7 - 22))
-24
Evaluate -27 + 34 - (-5 + 1 + 35).
-24
What is the value of 37 - 25 - (-6 + -3)?
21
What is (-7 + 23 - -5) + -3?
18
Evaluate 3 + -1 + 23 + 4 + -18 + -6.
5
-3 + -24 + 9 + 23 - (37 - 0)
-32
Evaluate 2 + 0 + (1 - -3 - 11) - -23.
18
What is the value of -26 - -31 - 4 - 12?
-11
Calculate -16 - (-5 + 20 + -31).
0
What is 1 + 1 + -1 + (7 + -5 - -2)?
5
Evaluate 18 - -20 - 19 - 2.
17
What is 19 - 21 - 31 - -16?
-17
(-3 - 7 - (53 + -55)) + (-1 - 21)
-30
Evaluate -7 - (7 - 6 - (0 + 9 - 4)).
-3
Calculate 20 - (1 + -7) - (-54 - -60).
20
What is the value of 8 - -1 - (167 + -178) - -4?
24
Calculate (-1 + 1 - (27 - 26)) + 5.
4
What is the value of -16 + -8 + -8 + 41?
9
What is the value of (-11 - 15) + (-1 + 1 - -9) + 2?
-15
Evaluate -16 + 1 - (11 - 15).
-11
What is the value of 10 + 1 + (-6 - -4 - -20)?
29
What is the value of -30 - (-54 - (-2 + -31))?
-9
What is 15 + -15 + -60 + 33?
-27
Calculate -1 + (0 - (6 + -19 - -2)).
10
Evaluate -9 - (-2 - (-8 - (6 + -2 - -6))).
-25
What is the value of 3 + (-14 - (23 - 20))?
-14
What is -67 + 47 + (26 - 3)?
3
What is (4 + 3 - -1) + 18?
26
Evaluate -15 + 0 - -11 - (-7 - -2) - -3.
4
Calculate 58 + -73 - (-7 - 9).
1
What is -10 + -27 - -31 - (0 - (-6 + 1))?
-11
What is 24 + (-8 - (-18 - -20))?
14
Calculate 24 - (11 + -21 - -19).
15
What is the value of (4 - 9) + (63 - 53)?
5
Evaluate (-1 + (5 - 1) - -20) + -2.
21
What is the value of (4 + 16 - 12) + 2 + -4?
6
7 + (-19 - -14) + -1
1
Evaluate -4 - ((239 - 240) + (-3 - -3 - -4)).
-7
What is the value of -3 - (14 + -6 - 2)?
-9
Evaluate (-6 + -1 - -6 - 2) + 19.
16
What is (2 - 4) + 10 + -1 + (-410 - -402)?
-1
What is the value of -4 - (-23 - -6) - (-2 - -6)?
9
Calculate 62 + -68 + 1 + 9 + -12.
-8
2 - -28 - (-1 - -5 - -4)
22
Calculate 4 - (362 + -353 + 0 + (-2 - 7)).
4
Evaluate 10 - (-1 + (-10 + 9 - 7) - 3).
22
-28 - (-21 - -3) - -24
14
What is the value of (-625 